{"id":94,"date":"2018-06-18T08:38:59","date_gmt":"2018-06-18T08:38:59","guid":{"rendered":"http:\/\/serwer1548729.home.pl\/autoinstalator\/wordpressplugins3\/?page_id=94"},"modified":"2026-05-05T11:55:31","modified_gmt":"2026-05-05T10:55:31","slug":"aktualnosci","status":"publish","type":"page","link":"https:\/\/przychodniarozewska.pl\/?page_id=94","title":{"rendered":"Aktualno\u015bci"},"content":{"rendered":"\n<p><a href=\"https:\/\/przychodniarozewska.pl\/?page_id=94\">Zobacz stron\u0119<\/a><\/p>\n\n\n<div>\n<p><strong>ZASADY BEZPIECZE\u0143STWA PACJENT\u00d3W PRZEBYWAJ\u0104CYCH W POCZEKALNI POZ<\/strong><\/p>\n<\/div>\n<p>Drogi pacjencie:<\/p>\n<ol>\n<li>Przygotuj si\u0119 do wizyty. Zabierz posiadan\u0105 dokumentacj\u0119 medyczn\u0105.<\/li>\n<li>Na wizyt\u0119 przyjd\u017a 5 minut przed wyznaczonym terminem. Nie ma sensu przychodzenia wcze\u015bniej.<\/li>\n<li>Je\u017celi to mo\u017cliwe przyjd\u017a bez osoby towarzysz\u0105cej.<\/li>\n<li>Rzeczy zb\u0119dne takie jak torby, plecaki, zakupy itp. zostaw w domu lub samochodzie.<\/li>\n<\/ol>\n<div>\u00a0<\/div>\n<div>\u00a0<\/div>\n<div>\u00a0<\/div>\n<div>-jak funkcjonuje e-recepta a tak\u017ce Internetowe Konto Pacjenta (IKP) dost\u0119pne na <a href=\"https:\/\/l.facebook.com\/l.php?u=http%3A%2F%2Fwww.pacjent.gov.pl%2F%3Ffbclid%3DIwAR07mtvU5yToUzqQQyogVecyl_hBDYW8cGELzs_Y0UXUO2AAQYLDvXzvbUo&amp;h=AT1uVoC3kElPQM4JHkgAOesLt4J1QpP21KR4C64u7u4X9vqtEhlCbOVdYu5HEhaCxM0XsAdB--x6AV7iwM6w5PvwYOfF6v4lQcMKFP1EidKnqcDcHMURoFuM6rucp4Mbrks4piUVEBF2vYxImyzJCblxRRSTJiHfvqxRtG2QqMkvThXJTZ16et40AnE5dnfN53esGmeUl1hLCAah1EjvA7G-vaeAk4TcL0ilRB4o1QXzFN8uuqa-_pUpkYjcwt2IWgMjOtqS4ghy6iMQ2lhaqueLWsMhyGhjzvgfEn1ko7qPa_UFRw0g1PkGO2nGv4WYOVnDNbh2tKN5YIDiJ4_ltbaICDmoMNsYIYxCpT7JjPUfHVTsUchddOypaNfzbSjztN6SIpgnLBH1ZlT51qZVGpSwyHfKLcsvrwmOxpIx-mL6jVbW07c-U6DUV4h2gN4h4RDIE4Uuc3Fx5w-dWaedKWefh4PH1VtfOyopGvyO0thRPUCpzd_6cv6vCpBDDa1p3g6mp2VK6hHydZpIFrjHrTl_4OmOtSQbUDMycSmtkxT0uJRPf6jPXEwx9z4V0i8qcoau9bu88Lwv---wTUhZp09VnaKxGqweTjrYFC7zMcuaa0ckQSDsIFOtaCtA_xLQTycWsg\" target=\"_blank\" rel=\"noopener noreferrer\" data-saferedirecturl=\"https:\/\/zasobygwp.pl\/redirect?sig=2ef63f538e0638f83bbc027d5074839fd9f41d572c08806cd514e9f69584badd&amp;url=aHR0cHM6Ly9sLmZhY2Vib29rLmNvbS9sLnBocD91PWh0dHAlM0ElMkYlMkZ3d3cucGFjamVudC5nb3YucGwlMkYlM0ZmYmNsaWQlM0RJd0FSMDdtdHZVNXlUb1V6cVFReW9nVmVjeWxfaEJEWVc4Y0dFTHpzX1kwVVhVTzJBQVFZTER2WHp2YlVvJmg9QVQxdVZvQzNrRWxQUU00SkhrZ0FPZXNMdDRKMVFwUDIxS1I0QzY0dTd1NFg5dnF0RWhsQ2JPVmRZdTVIRWhhQ3hNMFhzQWRCLS14NkFWN2l3TTZ3NVB2d1lPZkY2djRsUWNNS0ZQMUVpZEtucWNEY0hNVVJvRnVNNnJ1Y3A0TWJya3M0cGlVVkVCRjJ2WXhJbXl6SkNibHhSUlNUSmlIZnZxeFJ0RzJRcU1rdlRoWEpUWjE2ZXQ0MEFuRTVkbmZONTNlc0dtZVVsMWhMQ0FhaDFFanZBN0ctdmFlQWs0VGNMMGlsUkI0bzFRWHpGTjh1dXFhLV9wVXBrWWpjd3QySVdnTWpPdHFTNGdoeTZpTVEybGhhcXVlTFdzTWh5R2hqenZnZkVuMWtvN3FQYV9VRlJ3MGcxUGtHTzJuR3Y0V1lPVm5ETmJoMnRLTjVZSURpSjRfbHRiYUlDRG1vTU5zWUlZeENwVDdKalBVZkhWVHNVY2hkZE95cGFOZnpiU2p6dE42U0lwZ25MQkgxWmxUNTFxWlZHcFN3eUhmS0xjc3Zyd21PeHBJeC1tTDZqVmJXMDdjLVU2RFVWNGgyZ040aDRSRElFNFV1YzNGeDV3LWRXYWVkS1dlZmg0UEgxVnRmT3lvcEd2eU8wdGhSUFVDcHpkXzZjdjZ2Q3BCRERhMXAzZzZtcDJWSzZoSHlkWnBJRnJqSHJUbF80T21PdFNRYlVETXljU210a3hUMHVKUlBmNmpQWEV3eDl6NFYwaThxY29hdTlidTg4THd2LS0td1RVaFpwMDlWbmFLeEdxd2VUanJZRkM3ek1jdWFhMGNrUVNEc0lGT3RhQ3RBX3hMUVR5Y1dzZw==&amp;platform=desktop&amp;brand=wp\">www.pacjent.gov.pl.<\/a><\/div>\n<div>\u00a0<\/div>\n<div><b><br \/><\/b>Wniosek o za\u0142o\u017cenie Profilu Zaufanego mo\u017cna z\u0142o\u017cy\u0107 za po\u015brednictwem strony <b><a href=\"https:\/\/l.facebook.com\/l.php?u=https%3A%2F%2Fpz.gov.pl%2Fpz%2Fregister%3Ffbclid%3DIwAR3yBQpECSVxHPOaYwTYI1hZOfC9SMPTdZn0Yc_-yRKjCDH0ezShHCugtSA&amp;h=AT3p2Pu0vqFHDHdqPXQD5MMpuAqqcLNnByqqt042-UCnFoZ1VepDj7SNFGAppdmb9dbAbauSIKGojWiuRhOkw5aD9sPMmVHW5NHEnGYgVMIwOF3iqFHMDYSUsj2AJthRLUh4ETAq6m79G6CrR7VgRDcVIYXsNFGvwcMnTKPx9d5eBM7DKDo-q0VSM7zUWObxTeyFxVsU8PoaVJ2bZfNogCvRR9tdfjvEJCB2z1b8MqUbJWa96rpV-l-XDhrCqHfGbYI5U5380z-qOe19eqoFl-X1AesuaXb08jOhukY3DU8t6UabN-5ATKQUoith0mnz3uUIf8zpjn67yMmNtnkO-nmTIinxlKrOiujXTFhROwkVvNZkZnJyrktNtbhNqnQxTumiTYXRRS5Q2gXYUGDtYXsVMua13rr1JC9XODgriTHX1feeTMXG6wTyA8UJyR04oftRGKV6nO3YYF92q7ktNm4pTyXtvBVsx53XMwHQbS52c0pwGMCHxPuTfLFWrL2oIS3jHpy_wngPZp7U-JU-tPzLx6kK0pdLMaJqFRyE3OwGBB91SmCde5Bh1MmdTovQAnYRFh48GgaUWJMmfPUtGC2RKTTmaGhnLnqvlk8PFnE9LgKPg5awcHOorn6y0Oa9Dbmj8w\" target=\"_blank\" rel=\"noopener noreferrer\" data-saferedirecturl=\"https:\/\/zasobygwp.pl\/redirect?sig=202d912e1ad6c593a534bf3a7e25f2d9563dd2f77ee01ed2126544c62a5f6f6a&amp;url=aHR0cHM6Ly9sLmZhY2Vib29rLmNvbS9sLnBocD91PWh0dHBzJTNBJTJGJTJGcHouZ292LnBsJTJGcHolMkZyZWdpc3RlciUzRmZiY2xpZCUzREl3QVIzeUJRcEVDU1Z4SFBPYVl3VFlJMWhaT2ZDOVNNUFRkWm4wWWNfLXlSS2pDREgwZXpTaEhDdWd0U0EmaD1BVDNwMlB1MHZxRkhESGRxUFhRRDVNTXB1QXFxY0xObkJ5cXF0MDQyLVVDbkZvWjFWZXBEajdTTkZHQXBwZG1iOWRiQWJhdVNJS0dvaldpdVJoT2t3NWFEOXNQTW1WSFc1TkhFbkdZZ1ZNSXdPRjNpcUZITURZU1VzajJBSnRoUkxVaDRFVEFxNm03OUc2Q3JSN1ZnUkRjVklZWHNORkd2d2NNblRLUHg5ZDVlQk03REtEby1xMFZTTTd6VVdPYnhUZXlGeFZzVThQb2FWSjJiWmZOb2dDdlJSOXRkZmp2RUpDQjJ6MWI4TXFVYkpXYTk2cnBWLWwtWERockNxSGZHYllJNVU1Mzgwei1xT2UxOWVxb0ZsLVgxQWVzdWFYYjA4ak9odWtZM0RVOHQ2VWFiTi01QVRLUVVvaXRoMG1uejN1VUlmOHpwam42N3lNbU50bmtPLW5tVElpbnhsS3JPaXVqWFRGaFJPd2tWdk5aa1puSnlya3ROdGJoTnFuUXhUdW1pVFlYUlJTNVEyZ1hZVUdEdFlYc1ZNdWExM3JyMUpDOVhPRGdyaVRIWDFmZWVUTVhHNndUeUE4VUp5UjA0b2Z0UkdLVjZuTzNZWUY5MnE3a3RObTRwVHlYdHZCVnN4NTNYTXdIUWJTNTJjMHB3R01DSHhQdVRmTEZXckwyb0lTM2pIcHlfd25nUFpwN1UtSlUtdFB6THg2a0swcGRMTWFKcUZSeUUzT3dHQkI5MVNtQ2RlNUJoMU1tZFRvdlFBbllSRmg0OEdnYVVXSk1tZlBVdEdDMlJLVFRtYUdobkxucXZsazhQRm5FOUxnS1BnNWF3Y0hPb3JuNnkwT2E5RGJtajh3&amp;platform=desktop&amp;brand=wp\">https:\/\/pz.gov.pl\/pz\/register<\/a><\/b><\/div>\n<div>\u00a0<\/div>\n<p><strong>\u00a0<\/strong><\/p>\n<div style=\"width: 1140px;\" class=\"wp-video\"><!--[if lt IE 9]><script>document.createElement('video');<\/script><![endif]-->\n<video class=\"wp-video-shortcode\" id=\"video-94-1\" width=\"1140\" height=\"642\" preload=\"metadata\" controls=\"controls\"><source type=\"video\/mp4\" src=\"http:\/\/serwer1548729.home.pl\/autoinstalator\/wordpressplugins3\/wp-content\/uploads\/2019\/09\/animacja-e-recepta-1.mp4?_=1\" \/><a href=\"http:\/\/serwer1548729.home.pl\/autoinstalator\/wordpressplugins3\/wp-content\/uploads\/2019\/09\/animacja-e-recepta-1.mp4\">http:\/\/serwer1548729.home.pl\/autoinstalator\/wordpressplugins3\/wp-content\/uploads\/2019\/09\/animacja-e-recepta-1.mp4<\/a><\/video><\/div>\n<p><!--more-->Cykl film\u00f3w dost\u0119pny jest od 2 wrze\u015bnia na kanale Akademia NFZ na You Tube https:\/\/tiny.pl\/7j5tr<\/p>\n<p>\u00a0<\/p>\n<h2>Lek Magdalena Rykowska w dniu 29.05.2026 przyjmuje od 13.00-17.30<\/h2>\n<p>\u00a0<\/p>\n<h2 style=\"text-align: center;\"><strong>PUNKT SZCZEPIE\u0143 CZYNNY<\/strong><\/h2>\n<p>\u00a0<\/p>\n<h2 style=\"text-align: center;\">\u015aRODA 06.05.2026<\/h2>\n<h3 style=\"text-align: center;\">08.30-14.30<\/h3>\n<h2 style=\"text-align: center;\">CZWARTEK 07.05.2026<\/h2>\n<h3 style=\"text-align: center;\">08.30-14.30<\/h3>\n<h2 style=\"text-align: center;\">PI\u0104TEK 08.05.2026<\/h2>\n<h3 style=\"text-align: center;\">08.30-14.30<\/h3>\n<h2 style=\"text-align: center;\">PONIEDZIA\u0141EK 11.05.2026<\/h2>\n<h3 style=\"text-align: center;\">08.30-14.30<\/h3>\n<h2 style=\"text-align: center;\">\u00a0<\/h2>\n<h2 style=\"text-align: center;\">\u00a0<\/h2>\n<h2 style=\"text-align: center;\">\u00a0<\/h2>\n<h2 style=\"text-align: center;\">\u00a0<\/h2>\n<h2 style=\"text-align: center;\">\u00a0<\/h2>\n<h3 style=\"text-align: center;\">\u00a0<\/h3>\n<h2>\u00a0\u00a0\u00a0\u00a0\u00a0\u00a0<\/h2>\n<h2>\u00a0\u00a0\u00a0\u00a0\u00a0\u00a0\u00a0\u00a0\u00a0\u00a0\u00a0\u00a0\u00a0\u00a0\u00a0\u00a0\u00a0\u00a0\u00a0\u00a0\u00a0<\/h2>\n<h2>\u00a0<\/h2>\n<h2>\u00a0<\/h2>\n<h2>\u00a0<\/h2>\n<h2>\u00a0<\/h2>\n<h2>\u00a0<\/h2>\n<h2>\u00a0<\/h2>\n<h2>\u00a0<\/h2>\n<h2>\u00a0<\/h2>\n<h2>\u00a0<\/h2>\n<h2>\u00a0<\/h2>\n<h2>\u00a0<\/h2>\n<h2>\u00a0<\/h2>\n<h2>\u00a0<\/h2>\n<h2>\u00a0<\/h2>\n<h2 style=\"text-align: left;\">\u00a0\u00a0\u00a0\u00a0\u00a0\u00a0\u00a0\u00a0\u00a0<\/h2>\n<h2>\u00a0<\/h2>\n<h2>\u00a0<\/h2>\n<p>\u00a0<\/p>\n<h2>\u00a0<\/h2>\n<h2>\u00a0<\/h2>\n<h2>\u00a0<\/h2>\n<h2>\u00a0<\/h2>\n<h2>\u00a0<\/h2>\n<h2>\u00a0<\/h2>\n<h2><strong>\u00a0<\/strong><\/h2>\n<h1>\u00a0<\/h1>\n<h2>\u00a0<\/h2>\n<h2>\u00a0<\/h2>\n<h2>\u00a0<\/h2>\n<h2>\u00a0<\/h2>\n<h2>\u00a0<\/h2>\n<p>\u00a0<\/p>\n<h2><strong>\u00a0<\/strong><\/h2>\n<h2>\u00a0<\/h2>\n<h2>\u00a0<\/h2>\n<p>\u00a0<\/p>\n<h2 style=\"text-align: center;\">\u00a0<\/h2>\n<h2>\u00a0<\/h2>\n<h2>\u00a0<\/h2>\n<h2>\u00a0<\/h2>\n<h2><strong>\u00a0<\/strong><\/h2>\n<h2>\u00a0<\/h2>\n<h2 style=\"text-align: left;\">\u00a0<\/h2>\n<h2>\u00a0<\/h2>\n<h2 style=\"text-align: left;\">\u00a0<\/h2>\n<h2 style=\"text-align: left;\">\u00a0<\/h2>\n<h2>\u00a0<\/h2>\n<h2>\u00a0<\/h2>\n<h3>\u00a0<\/h3>\n<h2>\u00a0<\/h2>\n<h1>\u00a0<\/h1>\n<h1>\u00a0<\/h1>\n<h3>\u00a0<\/h3>\n<h2 style=\"text-align: left;\">\u00a0<\/h2>\n<h3 style=\"text-align: left;\">\u00a0<\/h3>\n<h2>\u00a0<\/h2>\n<h2>\u00a0<\/h2>\n<h1 style=\"text-align: left;\"><strong>\u00a0\u00a0\u00a0\u00a0\u00a0\u00a0\u00a0\u00a0\u00a0\u00a0\u00a0\u00a0\u00a0<\/strong><strong>\u00a0\u00a0\u00a0\u00a0\u00a0\u00a0\u00a0\u00a0\u00a0\u00a0\u00a0\u00a0\u00a0 <\/strong><\/h1>\n<h3>\u00a0<\/h3>\n<h1><strong>\u00a0<\/strong><\/h1>\n<h2><strong>\u00a0<\/strong><\/h2>\n<h1>\u00a0<\/h1>\n\n\n<p><a href=\"https:\/\/przychodniarozewska.pl\/?page_id=94\">Zobacz stron\u0119<\/a><\/p>\n","protected":false},"excerpt":{"rendered":"<p>Zobacz stron\u0119 ZASADY BEZPIECZE\u0143STWA PACJENT\u00d3W PRZEBYWAJ\u0104CYCH W POCZEKALNI POZ Drogi pacjencie: Przygotuj si\u0119 do wizyty. Zabierz posiadan\u0105 dokumentacj\u0119 medyczn\u0105. Na wizyt\u0119 przyjd\u017a 5 minut przed wyznaczonym terminem. Nie ma sensu przychodzenia wcze\u015bniej. Je\u017celi to mo\u017cliwe przyjd\u017a bez osoby towarzysz\u0105cej. Rzeczy zb\u0119dne takie jak torby, plecaki, zakupy itp. zostaw w domu lub samochodzie. \u00a0 \u00a0 \u00a0 [&hellip;]<\/p>\n","protected":false},"author":1,"featured_media":0,"parent":0,"menu_order":0,"comment_status":"closed","ping_status":"closed","template":"","meta":[],"_links":{"self":[{"href":"https:\/\/przychodniarozewska.pl\/index.php?rest_route=\/wp\/v2\/pages\/94"}],"collection":[{"href":"https:\/\/przychodniarozewska.pl\/index.php?rest_route=\/wp\/v2\/pages"}],"about":[{"href":"https:\/\/przychodniarozewska.pl\/index.php?rest_route=\/wp\/v2\/types\/page"}],"author":[{"embeddable":true,"href":"https:\/\/przychodniarozewska.pl\/index.php?rest_route=\/wp\/v2\/users\/1"}],"replies":[{"embeddable":true,"href":"https:\/\/przychodniarozewska.pl\/index.php?rest_route=%2Fwp%2Fv2%2Fcomments&post=94"}],"version-history":[{"count":847,"href":"https:\/\/przychodniarozewska.pl\/index.php?rest_route=\/wp\/v2\/pages\/94\/revisions"}],"predecessor-version":[{"id":3199,"href":"https:\/\/przychodniarozewska.pl\/index.php?rest_route=\/wp\/v2\/pages\/94\/revisions\/3199"}],"wp:attachment":[{"href":"https:\/\/przychodniarozewska.pl\/index.php?rest_route=%2Fwp%2Fv2%2Fmedia&parent=94"}],"curies":[{"name":"wp","href":"https:\/\/api.w.org\/{rel}","templated":true}]}}