{"id":71,"date":"2018-06-18T07:48:48","date_gmt":"2018-06-18T07:48:48","guid":{"rendered":"http:\/\/serwer1548729.home.pl\/autoinstalator\/wordpressplugins3\/?page_id=71"},"modified":"2024-10-14T07:30:48","modified_gmt":"2024-10-14T06:30:48","slug":"dokumenty-do-pobrania","status":"publish","type":"page","link":"https:\/\/przychodniarozewska.pl\/?page_id=71","title":{"rendered":"Dokumenty do pobrania"},"content":{"rendered":"<ol>\n<li><a href=\"https:\/\/przychodniarozewska.pl\/wp-content\/uploads\/2020\/04\/dekl.-lekarz.pdf\">Deklaracja lekarz<\/a><\/li>\n<li><a href=\"https:\/\/przychodniarozewska.pl\/wp-content\/uploads\/2020\/04\/dekl.-piel\u0119gniarka.pdf\">Deklaracja piel\u0119gniarka<\/a><\/li>\n<li><a href=\"https:\/\/przychodniarozewska.pl\/wp-content\/uploads\/2020\/04\/dekl.-po\u0142o\u017cna.pdf\">Deklaracja po\u0142o\u017cna<\/a><\/li>\n<li><a href=\"https:\/\/przychodniarozewska.pl\/wp-content\/uploads\/2024\/10\/Standardy-ochrony-maloletnich-w-podmiocie-leczniczym.pdf\">Standardy ochrony ma\u0142oletnich w podmiocie leczniczym<\/a><\/li>\n<li><a href=\"https:\/\/przychodniarozewska.pl\/wp-content\/uploads\/2024\/10\/Zalacznik-nr-1-oswiadczenie.pdf\">Za\u0142\u0105cznik nr 1 &#8211; o\u015bwiadczenie<\/a><\/li>\n<li><a href=\"https:\/\/przychodniarozewska.pl\/wp-content\/uploads\/2024\/10\/Zalacznik-nr-3-wzor-zawiadomienia-sadu-opiekunczego.pdf\">Za\u0142\u0105cznik nr 3 &#8211; wz\u00f3r zawiadomienia s\u0105du opieku\u0144czego<\/a><\/li>\n<li><a href=\"https:\/\/przychodniarozewska.pl\/wp-content\/uploads\/2024\/10\/UCHWALA-ZARZADU-SPOLKI-Przychodnia.pdf\">UCHWA\u0141A ZARZ\u0104DU SP\u00d3\u0141KI <\/a><\/li>\n<li><a href=\"https:\/\/przychodniarozewska.pl\/wp-content\/uploads\/2024\/10\/Zalacznik-nr-5-Skrocona-wersja-Standardow.pdf\">Za\u0142\u0105cznik nr 5- Skr\u00f3cona wersja Standard\u00f3w<\/a><\/li>\n<li><a href=\"https:\/\/przychodniarozewska.pl\/wp-content\/uploads\/2024\/10\/Zalacznik-nr-4-do-Standardow-ochrony-maloletnich.pdf\">Za\u0142\u0105cznik nr 4 do Standard\u00f3w ochrony ma\u0142oletnich<\/a><\/li>\n<\/ol>\n\n\n<p><\/p>\n","protected":false},"excerpt":{"rendered":"<p>Deklaracja lekarz Deklaracja piel\u0119gniarka Deklaracja po\u0142o\u017cna Standardy ochrony ma\u0142oletnich w podmiocie leczniczym Za\u0142\u0105cznik nr 1 &#8211; o\u015bwiadczenie Za\u0142\u0105cznik nr 3 &#8211; wz\u00f3r zawiadomienia s\u0105du opieku\u0144czego UCHWA\u0141A ZARZ\u0104DU SP\u00d3\u0141KI Za\u0142\u0105cznik nr 5- Skr\u00f3cona wersja Standard\u00f3w Za\u0142\u0105cznik nr 4 do Standard\u00f3w ochrony ma\u0142oletnich<\/p>\n","protected":false},"author":1,"featured_media":0,"parent":0,"menu_order":0,"comment_status":"closed","ping_status":"closed","template":"","meta":[],"_links":{"self":[{"href":"https:\/\/przychodniarozewska.pl\/index.php?rest_route=\/wp\/v2\/pages\/71"}],"collection":[{"href":"https:\/\/przychodniarozewska.pl\/index.php?rest_route=\/wp\/v2\/pages"}],"about":[{"href":"https:\/\/przychodniarozewska.pl\/index.php?rest_route=\/wp\/v2\/types\/page"}],"author":[{"embeddable":true,"href":"https:\/\/przychodniarozewska.pl\/index.php?rest_route=\/wp\/v2\/users\/1"}],"replies":[{"embeddable":true,"href":"https:\/\/przychodniarozewska.pl\/index.php?rest_route=%2Fwp%2Fv2%2Fcomments&post=71"}],"version-history":[{"count":5,"href":"https:\/\/przychodniarozewska.pl\/index.php?rest_route=\/wp\/v2\/pages\/71\/revisions"}],"predecessor-version":[{"id":2577,"href":"https:\/\/przychodniarozewska.pl\/index.php?rest_route=\/wp\/v2\/pages\/71\/revisions\/2577"}],"wp:attachment":[{"href":"https:\/\/przychodniarozewska.pl\/index.php?rest_route=%2Fwp%2Fv2%2Fmedia&parent=71"}],"curies":[{"name":"wp","href":"https:\/\/api.w.org\/{rel}","templated":true}]}}