{"id":56,"date":"2018-06-18T07:33:22","date_gmt":"2018-06-18T07:33:22","guid":{"rendered":"http:\/\/serwer1548729.home.pl\/autoinstalator\/wordpressplugins3\/?page_id=56"},"modified":"2024-11-04T14:50:19","modified_gmt":"2024-11-04T13:50:19","slug":"kontakt","status":"publish","type":"page","link":"https:\/\/przychodniarozewska.pl\/?page_id=56","title":{"rendered":"Kontakt"},"content":{"rendered":"<p>Przychodnia Lekarska Chylonia I<br \/>\n81-055 Gdynia, Rozewska 31<\/p>\n<p>Rejestracja <strong>58 6636969<\/strong> lub <strong>58 6230276<\/strong><\/p>\n<p>Punkt szczepie\u0144 <strong>58 6673381<\/strong><\/p>\n<p>Sekretariat \/ Fax <strong>58 6234688<\/strong><\/p>\n<p>e-mail: chylonia18@wp.pl &#8211; wy\u0142\u0105cznie do przesy\u0142ania dokumentacji medycznej<\/p>\n<p><iframe loading=\"lazy\" style=\"border: 0;\" src=\"https:\/\/www.google.com\/maps\/embed?pb=!1m18!1m12!1m3!1d2314.57477751672!2d18.463253166398744!3d54.54099254225605!2m3!1f0!2f0!3f0!3m2!1i1024!2i768!4f13.1!3m3!1m2!1s0x46fda41ff0028037%3A0x9128a2867229788f!2sChylonia+I.+Przychodnia+lekarska!5e0!3m2!1spl!2spl!4v1529311521647\" width=\"800\" height=\"600\" frameborder=\"0\" allowfullscreen=\"allowfullscreen\"><\/iframe><\/p>\n","protected":false},"excerpt":{"rendered":"<p>Przychodnia Lekarska Chylonia I 81-055 Gdynia, Rozewska 31 Rejestracja 58 6636969 lub 58 6230276 Punkt szczepie\u0144 58 6673381 Sekretariat \/ Fax 58 6234688 e-mail: chylonia18@wp.pl &#8211; wy\u0142\u0105cznie do przesy\u0142ania dokumentacji medycznej<\/p>\n","protected":false},"author":1,"featured_media":0,"parent":0,"menu_order":0,"comment_status":"closed","ping_status":"closed","template":"","meta":[],"_links":{"self":[{"href":"https:\/\/przychodniarozewska.pl\/index.php?rest_route=\/wp\/v2\/pages\/56"}],"collection":[{"href":"https:\/\/przychodniarozewska.pl\/index.php?rest_route=\/wp\/v2\/pages"}],"about":[{"href":"https:\/\/przychodniarozewska.pl\/index.php?rest_route=\/wp\/v2\/types\/page"}],"author":[{"embeddable":true,"href":"https:\/\/przychodniarozewska.pl\/index.php?rest_route=\/wp\/v2\/users\/1"}],"replies":[{"embeddable":true,"href":"https:\/\/przychodniarozewska.pl\/index.php?rest_route=%2Fwp%2Fv2%2Fcomments&post=56"}],"version-history":[{"count":5,"href":"https:\/\/przychodniarozewska.pl\/index.php?rest_route=\/wp\/v2\/pages\/56\/revisions"}],"predecessor-version":[{"id":2607,"href":"https:\/\/przychodniarozewska.pl\/index.php?rest_route=\/wp\/v2\/pages\/56\/revisions\/2607"}],"wp:attachment":[{"href":"https:\/\/przychodniarozewska.pl\/index.php?rest_route=%2Fwp%2Fv2%2Fmedia&parent=56"}],"curies":[{"name":"wp","href":"https:\/\/api.w.org\/{rel}","templated":true}]}}