{"id":52,"date":"2018-06-18T07:30:20","date_gmt":"2018-06-18T07:30:20","guid":{"rendered":"http:\/\/serwer1548729.home.pl\/autoinstalator\/wordpressplugins3\/?page_id=52"},"modified":"2023-11-20T11:57:09","modified_gmt":"2023-11-20T10:57:09","slug":"diagnostyka","status":"publish","type":"page","link":"https:\/\/przychodniarozewska.pl\/?page_id=52","title":{"rendered":"Diagnostyka"},"content":{"rendered":"<p>W budynku przychodni mo\u017cna wykona\u0107 nast\u0119puj\u0105ce badania<\/p>\n<p>USG &#8211; gab. 107,\u00a0 I pi\u0119tro<\/p>\n<p>EKG &#8211; gab. 113,\u00a0 I pi\u0119tro<\/p>\n<p>Punkt pobra\u0144 materia\u0142u do bada\u0144 laboratoryjnych &#8211; gab. 18, parter, Poradnia Dzieci Chorych<\/p>\n<p>Wykaz punkt\u00f3w pobra\u0144 Laboratorium ALAB znajduje si\u0119 w zak\u0142adce Punkty pobra\u0144 Laboratoria Medyczne ALAB<\/p>\n","protected":false},"excerpt":{"rendered":"<p>W budynku przychodni mo\u017cna wykona\u0107 nast\u0119puj\u0105ce badania USG &#8211; gab. 107,\u00a0 I pi\u0119tro EKG &#8211; gab. 113,\u00a0 I pi\u0119tro Punkt pobra\u0144 materia\u0142u do bada\u0144 laboratoryjnych &#8211; gab. 18, parter, Poradnia Dzieci Chorych Wykaz punkt\u00f3w pobra\u0144 Laboratorium ALAB znajduje si\u0119 w zak\u0142adce Punkty pobra\u0144 Laboratoria Medyczne ALAB<\/p>\n","protected":false},"author":1,"featured_media":0,"parent":0,"menu_order":0,"comment_status":"closed","ping_status":"closed","template":"","meta":[],"_links":{"self":[{"href":"https:\/\/przychodniarozewska.pl\/index.php?rest_route=\/wp\/v2\/pages\/52"}],"collection":[{"href":"https:\/\/przychodniarozewska.pl\/index.php?rest_route=\/wp\/v2\/pages"}],"about":[{"href":"https:\/\/przychodniarozewska.pl\/index.php?rest_route=\/wp\/v2\/types\/page"}],"author":[{"embeddable":true,"href":"https:\/\/przychodniarozewska.pl\/index.php?rest_route=\/wp\/v2\/users\/1"}],"replies":[{"embeddable":true,"href":"https:\/\/przychodniarozewska.pl\/index.php?rest_route=%2Fwp%2Fv2%2Fcomments&post=52"}],"version-history":[{"count":5,"href":"https:\/\/przychodniarozewska.pl\/index.php?rest_route=\/wp\/v2\/pages\/52\/revisions"}],"predecessor-version":[{"id":2142,"href":"https:\/\/przychodniarozewska.pl\/index.php?rest_route=\/wp\/v2\/pages\/52\/revisions\/2142"}],"wp:attachment":[{"href":"https:\/\/przychodniarozewska.pl\/index.php?rest_route=%2Fwp%2Fv2%2Fmedia&parent=52"}],"curies":[{"name":"wp","href":"https:\/\/api.w.org\/{rel}","templated":true}]}}