{"id":49,"date":"2018-06-18T07:30:01","date_gmt":"2018-06-18T07:30:01","guid":{"rendered":"http:\/\/serwer1548729.home.pl\/autoinstalator\/wordpressplugins3\/?page_id=49"},"modified":"2022-01-12T20:01:14","modified_gmt":"2022-01-12T19:01:14","slug":"poradnie-specjalistyczne","status":"publish","type":"page","link":"https:\/\/przychodniarozewska.pl\/?page_id=49","title":{"rendered":"Poradnie specjalistyczne"},"content":{"rendered":"<p><strong>Zapraszamy do Poradni Specjalistycznych zlokalizowanych w budynku Przychodni<\/strong><\/p>\n<p>&nbsp;<\/p>\n<p><strong>Poradnia Dermatologiczna<\/strong> &#8211; bezp\u0142atna, porady realizowane w ramach kontraktu z NFZ<\/p>\n<p><strong>Poradnia Gastroenterologiczna<\/strong> &#8211; odp\u0142atna &#8211; poradnia prywatna<\/p>\n<p><strong>Rehabilitacja<\/strong> &#8211; odp\u0142atna &#8211; poradnia prywatna<\/p>\n<p>&nbsp;<\/p>\n<p><strong>Wykaz poradni specjalistycznych w wojew\u00f3dztwie pomorskim znajduje si\u0119 na stronie Narodowego Funduszu Zdrowia<\/strong><\/p>\n<p><a href=\"https:\/\/zip.nfz.gov.pl\/GSL\/GSL\/PrzychodnieSpecjalistyczne\" target=\"_blank\" rel=\"noopener\">Przychodnie Specjalistyczne &#8211; Gdzie si\u0119 leczy\u0107 &#8211; Zintegorowany Informatro Pacjenta<\/a><\/p>\n<p>&nbsp;<\/p>\n","protected":false},"excerpt":{"rendered":"<p>Zapraszamy do Poradni Specjalistycznych zlokalizowanych w budynku Przychodni &nbsp; Poradnia Dermatologiczna &#8211; bezp\u0142atna, porady realizowane w ramach kontraktu z NFZ Poradnia Gastroenterologiczna &#8211; odp\u0142atna &#8211; poradnia prywatna Rehabilitacja &#8211; odp\u0142atna &#8211; poradnia prywatna &nbsp; Wykaz poradni specjalistycznych w wojew\u00f3dztwie pomorskim znajduje si\u0119 na stronie Narodowego Funduszu Zdrowia Przychodnie Specjalistyczne &#8211; Gdzie si\u0119 leczy\u0107 &#8211; Zintegorowany [&hellip;]<\/p>\n","protected":false},"author":1,"featured_media":0,"parent":0,"menu_order":0,"comment_status":"closed","ping_status":"closed","template":"","meta":[],"_links":{"self":[{"href":"https:\/\/przychodniarozewska.pl\/index.php?rest_route=\/wp\/v2\/pages\/49"}],"collection":[{"href":"https:\/\/przychodniarozewska.pl\/index.php?rest_route=\/wp\/v2\/pages"}],"about":[{"href":"https:\/\/przychodniarozewska.pl\/index.php?rest_route=\/wp\/v2\/types\/page"}],"author":[{"embeddable":true,"href":"https:\/\/przychodniarozewska.pl\/index.php?rest_route=\/wp\/v2\/users\/1"}],"replies":[{"embeddable":true,"href":"https:\/\/przychodniarozewska.pl\/index.php?rest_route=%2Fwp%2Fv2%2Fcomments&post=49"}],"version-history":[{"count":6,"href":"https:\/\/przychodniarozewska.pl\/index.php?rest_route=\/wp\/v2\/pages\/49\/revisions"}],"predecessor-version":[{"id":242,"href":"https:\/\/przychodniarozewska.pl\/index.php?rest_route=\/wp\/v2\/pages\/49\/revisions\/242"}],"wp:attachment":[{"href":"https:\/\/przychodniarozewska.pl\/index.php?rest_route=%2Fwp%2Fv2%2Fmedia&parent=49"}],"curies":[{"name":"wp","href":"https:\/\/api.w.org\/{rel}","templated":true}]}}