{"id":46,"date":"2018-06-18T07:27:05","date_gmt":"2018-06-18T07:27:05","guid":{"rendered":"http:\/\/serwer1548729.home.pl\/autoinstalator\/wordpressplugins3\/?page_id=46"},"modified":"2024-11-26T16:09:21","modified_gmt":"2024-11-26T15:09:21","slug":"podstawowa-opieka-zdrowotna","status":"publish","type":"page","link":"https:\/\/przychodniarozewska.pl\/?page_id=46","title":{"rendered":"Podstawowa opieka zdrowotna"},"content":{"rendered":"<p>Niepubliczny Zak\u0142ad Opieki Zdrowotnej Przychodnia Lekarska &#8222;Chylonia I&#8221; realizuje \u015bwiadczenia zdrowotne dla pacjent\u00f3w ubezpieczonych, w ramach kontraktu z Narodowym Funduszem Zdrowia.<\/p>\n<p>Posiadamy wykwalifikowan\u0105 kadr\u0119 medyczn\u0105, posiadaj\u0105c\u0105 wiedz\u0119 i umiej\u0119tno\u015bci, aby znakomicie diagnozowa\u0107 i leczy\u0107 pacjent\u00f3w obj\u0119tych nasz\u0105 opiek\u0105.<\/p>\n<p><strong>Zatrudniamy lekarzy w Poradni Og\u00f3lnej:<\/strong><\/p>\n<p>lek. med. Beata Burczyk-Mohsen &#8211; lekarz chor\u00f3b wewn\u0119trznych<\/p>\n<p>lek. med. Alina Kowalska &#8211; specjalista medycyny rodzinnej<\/p>\n<p>lek. med. Dagmara Kurjata &#8211; specjalista chor\u00f3b wewn\u0119trznych<\/p>\n<p>lek.med. Aleksander Szyma\u0144ski &#8211; specjalista medycyny rodzinnej,<\/p>\n<p>lek. med. Magdalena Rykowska &#8211; specjalista chor\u00f3b wewn\u0119trznych i med.paliatywnej<\/p>\n<p><strong>w Poradni Dzieci\u0119cej<\/strong><\/p>\n<p>lek.med. Barbara Zygler-Karczewska &#8211; lekarz pediatra<\/p>\n<p>lek. med. Katarzyna K\u0105kol &#8211; lekarz med.rodzinnej<\/p>\n<p>lek.med. Piotr Komarnicki &#8211; lekarz pediatra, specjalista neonatologii &#8211; Dyrektor Przychodni<\/p>\n<p><strong>w Gabinecie USG<\/strong><\/p>\n<p>lek.med. Micha\u0142 Kaczkowski &#8211; lekarz radiolog<\/p>\n<p>oraz wykwalifikowany personel piel\u0119gniarski<\/p>\n","protected":false},"excerpt":{"rendered":"<p>Niepubliczny Zak\u0142ad Opieki Zdrowotnej Przychodnia Lekarska &#8222;Chylonia I&#8221; realizuje \u015bwiadczenia zdrowotne dla pacjent\u00f3w ubezpieczonych, w ramach kontraktu z Narodowym Funduszem Zdrowia. Posiadamy wykwalifikowan\u0105 kadr\u0119 medyczn\u0105, posiadaj\u0105c\u0105 wiedz\u0119 i umiej\u0119tno\u015bci, aby znakomicie diagnozowa\u0107 i leczy\u0107 pacjent\u00f3w obj\u0119tych nasz\u0105 opiek\u0105. Zatrudniamy lekarzy w Poradni Og\u00f3lnej: lek. med. Beata Burczyk-Mohsen &#8211; lekarz chor\u00f3b wewn\u0119trznych lek. med. Alina Kowalska [&hellip;]<\/p>\n","protected":false},"author":1,"featured_media":0,"parent":0,"menu_order":0,"comment_status":"closed","ping_status":"closed","template":"","meta":[],"_links":{"self":[{"href":"https:\/\/przychodniarozewska.pl\/index.php?rest_route=\/wp\/v2\/pages\/46"}],"collection":[{"href":"https:\/\/przychodniarozewska.pl\/index.php?rest_route=\/wp\/v2\/pages"}],"about":[{"href":"https:\/\/przychodniarozewska.pl\/index.php?rest_route=\/wp\/v2\/types\/page"}],"author":[{"embeddable":true,"href":"https:\/\/przychodniarozewska.pl\/index.php?rest_route=\/wp\/v2\/users\/1"}],"replies":[{"embeddable":true,"href":"https:\/\/przychodniarozewska.pl\/index.php?rest_route=%2Fwp%2Fv2%2Fcomments&post=46"}],"version-history":[{"count":6,"href":"https:\/\/przychodniarozewska.pl\/index.php?rest_route=\/wp\/v2\/pages\/46\/revisions"}],"predecessor-version":[{"id":2625,"href":"https:\/\/przychodniarozewska.pl\/index.php?rest_route=\/wp\/v2\/pages\/46\/revisions\/2625"}],"wp:attachment":[{"href":"https:\/\/przychodniarozewska.pl\/index.php?rest_route=%2Fwp%2Fv2%2Fmedia&parent=46"}],"curies":[{"name":"wp","href":"https:\/\/api.w.org\/{rel}","templated":true}]}}