{"id":112,"date":"2018-06-18T08:42:00","date_gmt":"2018-06-18T08:42:00","guid":{"rendered":"http:\/\/serwer1548729.home.pl\/autoinstalator\/wordpressplugins3\/?page_id=112"},"modified":"2018-07-04T15:07:47","modified_gmt":"2018-07-04T14:07:47","slug":"pielegniarka-poz","status":"publish","type":"page","link":"https:\/\/przychodniarozewska.pl\/?page_id=112","title":{"rendered":"Piel\u0119gniarka POZ"},"content":{"rendered":"<p><strong>Opieka sprawowana przez piel\u0119gniarki i po\u0142o\u017cne POZ (\u015brodowiskowe\/rodzinne)<\/strong><\/p>\n<p>Ubezpieczony ma prawo do \u015bwiadcze\u0144 z zakresu piel\u0119gniarstwa i\u00a0po\u0142o\u017cnictwa \u015brodowiskowego\/rodzinnego:<\/p>\n<ul>\n<li>od poniedzia\u0142ku do pi\u0105tku w\u00a0godzinach od 8:00-18:00 &#8211; w\u00a0pe\u0142nym zakresie;<\/li>\n<li>w\u00a0pozosta\u0142ych godzinach w\u00a0dni powszednie oraz w\u00a0soboty, niedziele, \u015bwi\u0119ta i\u00a0dni ustawowo wolne od pracy \u015bwiadczenia udzielane w gabinecie zabiegowym w Nocnej i \u015awi\u0105tecznej Opiece Zdrowotnej, zlecane przez lekarzy ubezpieczenia zdrowotnego oraz w\u00a0zakresie zapewniaj\u0105cym kontynuacj\u0119 niezb\u0119dnych zabieg\u00f3w, wynikaj\u0105cym z\u00a0procesu leczenia i\u00a0piel\u0119gnacji nad przewlekle i\u00a0ob\u0142o\u017cnie chorymi (wykonywanie zabieg\u00f3w piel\u0119gniarskich w\u00a0tym czasie musi by\u0107 uzasadnione stanem zdrowia pacjent\u00f3w).<\/li>\n<\/ul>\n<p>Do \u015bwiadcze\u0144 piel\u0119gniarki i po\u0142o\u017cnej \u015brodowiskowej\/rodzinnej ma prawo ka\u017cdy ubezpieczony, kt\u00f3ry z\u0142o\u017cy\u0142 deklaracj\u0119 wyboru danej piel\u0119gniarki\/po\u0142o\u017cnej. Obowi\u0105zuj\u0105 tutaj identyczne <a href=\"http:\/\/www.nfz-gdansk.pl\/zlozenie-deklaracji,286.html\">zasady wyboru<\/a>piel\u0119gniarki rodzinnej i\u00a0po\u0142o\u017cnej rodzinnej jak w\u00a0wypadku lekarza\u00a0POZ.<\/p>\n<p>Po\u0142o\u017cna \u015brodowiskowa\/rodzinna realizuje kompleksowo \u015bwiadczenia zdrowotne w\u00a0\u015brodowisku podopiecznego z\u00a0zakresu piel\u0119gnacyjnej opieki po\u0142o\u017cniczej, neonatologiczno-ginekologicznej oraz zapewnia ci\u0105g\u0142o\u015b\u0107 \u015bwiadcze\u0144 profilaktycznych, piel\u0119gnacyjnych i\u00a0leczniczych. Opieka zdrowotna sprawowana przez piel\u0119gniarki i\u00a0po\u0142o\u017cne \u015brodowiskowe\/rodzinne obejmuje w\u00a0szczeg\u00f3lno\u015bci:<\/p>\n<ul>\n<li>rozpoznawanie warunk\u00f3w i potrzeb zdrowotnych podopiecznych,<\/li>\n<li>rozpoznawanie problem\u00f3w piel\u0119gnacyjnych,<\/li>\n<li>planowanie i realizowanie opieki piel\u0119gnacyjnej,<\/li>\n<li>realizacja zlece\u0144 lekarskich,<\/li>\n<li>udzielanie piel\u0119gniarskich \u015bwiadcze\u0144 profilaktycznych, diagnostycznych, leczniczych i\u00a0rehabilitacyjnych wykonywanych samodzielnie,<\/li>\n<li>edukacja zdrowotna, profilaktyka chor\u00f3b i promocja zdrowia.<\/li>\n<\/ul>\n<p>Rejestracja pacjent\u00f3w do piel\u0119gniarki i po\u0142o\u017cnej \u015brodowiskowej\/rodzinnej mo\u017ce odbywa\u0107 si\u0119 osobi\u015bcie, telefonicznie lub za po\u015brednictwem os\u00f3b trzecich. W\u00a0schorzeniach ostrych i\u00a0nag\u0142ych porada winna nast\u0105pi\u0107 w\u00a0dniu zg\u0142oszenia. W\u00a0schorzeniach przewlek\u0142ych piel\u0119gniarka\/po\u0142o\u017cna rodzinna uzgadnia termin wizyty z\u00a0ubezpieczonym.<\/p>\n<p>&nbsp;<\/p>\n","protected":false},"excerpt":{"rendered":"<p>Opieka sprawowana przez piel\u0119gniarki i po\u0142o\u017cne POZ (\u015brodowiskowe\/rodzinne) Ubezpieczony ma prawo do \u015bwiadcze\u0144 z zakresu piel\u0119gniarstwa i\u00a0po\u0142o\u017cnictwa \u015brodowiskowego\/rodzinnego: od poniedzia\u0142ku do pi\u0105tku w\u00a0godzinach od 8:00-18:00 &#8211; w\u00a0pe\u0142nym zakresie; w\u00a0pozosta\u0142ych godzinach w\u00a0dni powszednie oraz w\u00a0soboty, niedziele, \u015bwi\u0119ta i\u00a0dni ustawowo wolne od pracy \u015bwiadczenia udzielane w gabinecie zabiegowym w Nocnej i \u015awi\u0105tecznej Opiece Zdrowotnej, zlecane przez lekarzy [&hellip;]<\/p>\n","protected":false},"author":1,"featured_media":0,"parent":0,"menu_order":0,"comment_status":"closed","ping_status":"closed","template":"","meta":[],"_links":{"self":[{"href":"https:\/\/przychodniarozewska.pl\/index.php?rest_route=\/wp\/v2\/pages\/112"}],"collection":[{"href":"https:\/\/przychodniarozewska.pl\/index.php?rest_route=\/wp\/v2\/pages"}],"about":[{"href":"https:\/\/przychodniarozewska.pl\/index.php?rest_route=\/wp\/v2\/types\/page"}],"author":[{"embeddable":true,"href":"https:\/\/przychodniarozewska.pl\/index.php?rest_route=\/wp\/v2\/users\/1"}],"replies":[{"embeddable":true,"href":"https:\/\/przychodniarozewska.pl\/index.php?rest_route=%2Fwp%2Fv2%2Fcomments&post=112"}],"version-history":[{"count":2,"href":"https:\/\/przychodniarozewska.pl\/index.php?rest_route=\/wp\/v2\/pages\/112\/revisions"}],"predecessor-version":[{"id":182,"href":"https:\/\/przychodniarozewska.pl\/index.php?rest_route=\/wp\/v2\/pages\/112\/revisions\/182"}],"wp:attachment":[{"href":"https:\/\/przychodniarozewska.pl\/index.php?rest_route=%2Fwp%2Fv2%2Fmedia&parent=112"}],"curies":[{"name":"wp","href":"https:\/\/api.w.org\/{rel}","templated":true}]}}