{"id":100,"date":"2018-06-18T08:40:03","date_gmt":"2018-06-18T08:40:03","guid":{"rendered":"http:\/\/serwer1548729.home.pl\/autoinstalator\/wordpressplugins3\/?page_id=100"},"modified":"2023-11-20T12:00:27","modified_gmt":"2023-11-20T11:00:27","slug":"polityka-jakosci-iso","status":"publish","type":"page","link":"https:\/\/przychodniarozewska.pl\/?page_id=100","title":{"rendered":"Polityka Jako\u015bci"},"content":{"rendered":"<p>Istot\u0105 dzia\u0142ania Niepublicznego Zak\u0142adu Opieki Zdrowotnej Przychodnia Lekarska CHYLONIA I jest spe\u0142nienie oczekiwa\u0144 pacjent\u00f3w poprzez ich wsparcie naszym do\u015bwiadczeniem, kompetencj\u0105 i&nbsp;pomoc\u0105 przy rozwi\u0105zywaniu problem\u00f3w zdrowotnych w&nbsp;postaci \u015bwiadczonych us\u0142ug medycznych, z&nbsp;jednoczesnym respektowaniem wszystkich obowi\u0105zuj\u0105cych wymaga\u0144 prawnych zewn\u0119trznych i&nbsp;wewn\u0119trznych.<\/p>\n<p>Najwy\u017csz\u0105 jako\u015b\u0107 naszych us\u0142ug medycznych osi\u0105gamy poprzez:<\/p>\n<ul>\n<li>ci\u0105g\u0142e monitorowanie proces\u00f3w medycznych oraz spe\u0142nienie oczekiwa\u0144<br \/>\ni wymaga\u0144 naszych pacjent\u00f3w,<\/li>\n<li>ci\u0105g\u0142\u0105 obserwacj\u0119 rynku, aby dostarcza\u0107 naszym pacjentom nowoczesne us\u0142ugi medyczne,<\/li>\n<li>motywowanie pracownik\u00f3w do identyfikowania si\u0119 z NZOZ Przychodnia Lekarska CHYLONIA I oraz rzetelnego wykonywania obowi\u0105zk\u00f3w s\u0142u\u017cbowych,<\/li>\n<li>w\u0142\u0105czenie ca\u0142ego zespo\u0142u w ci\u0105g\u0142e doskonalenie Systemu Zarz\u0105dzania Jako\u015bci\u0105, zgodnego z&nbsp;wymaganiami normy<\/li>\n<li>kompetencja i poczucie odpowiedzialno\u015bci we wsp\u00f3\u0142pracy z pacjentami,<\/li>\n<li>sta\u0142e podnoszenie kwalifikacji zespo\u0142u realizuj\u0105cego us\u0142ugi dla pacjent\u00f3w,<br \/>\nw formie szkole\u0144 zawodowych,<\/li>\n<li>staranny dob\u00f3r dostawc\u00f3w us\u0142ug i materia\u0142\u00f3w medycznych,<\/li>\n<li>tworzenie przyjaznej atmosfery i warunk\u00f3w w jakich \u015bwiadczone s\u0105 us\u0142ugi,<\/li>\n<li>nieustanne tworzenia odpowiednich warunk\u00f3w materialnych, organizacyjnych i&nbsp;personalnych do realizacji powy\u017cszej Polityki Jako\u015bci i prawid\u0142owego funkcjonowania i&nbsp;doskonalenia SZJ, zobowi\u0105zuje si\u0119 r\u00f3wnie\u017c do spe\u0142nienia wszelkich zastosowanych wymaga\u0144,<\/li>\n<li>sta\u0142e doskonalenie jako\u015bci us\u0142ug i realizowanych \u015bwiadcze\u0144.<\/li>\n<\/ul>\n<p>Polityka Jako\u015bci jest zobowi\u0105zaniem Dyrekcji Niepublicznego Zak\u0142adu Opieki Zdrowotnej Przychodnia Lekarska CHYLONIA I w stosunku do pacjent\u00f3w i pracownik\u00f3w do zagwarantowania warunk\u00f3w formalnych, merytorycznych oraz finansowych dla uzyskania zadowolenia ze \u015bwiadczonych us\u0142ug medycznych.<\/p>\n<p>Powy\u017csza Polityka Jako\u015bci zosta\u0142a zakomunikowana w NZOZ Przychodnia Lekarska CHYLONIA I i&nbsp;podlega systematycznemu przegl\u0105dowi oraz aktualizacji.<\/p>\n","protected":false},"excerpt":{"rendered":"<p>Istot\u0105 dzia\u0142ania Niepublicznego Zak\u0142adu Opieki Zdrowotnej Przychodnia Lekarska CHYLONIA I jest spe\u0142nienie oczekiwa\u0144 pacjent\u00f3w poprzez ich wsparcie naszym do\u015bwiadczeniem, kompetencj\u0105 i&nbsp;pomoc\u0105 przy rozwi\u0105zywaniu problem\u00f3w zdrowotnych w&nbsp;postaci \u015bwiadczonych us\u0142ug medycznych, z&nbsp;jednoczesnym respektowaniem wszystkich obowi\u0105zuj\u0105cych wymaga\u0144 prawnych zewn\u0119trznych i&nbsp;wewn\u0119trznych. Najwy\u017csz\u0105 jako\u015b\u0107 naszych us\u0142ug medycznych osi\u0105gamy poprzez: ci\u0105g\u0142e monitorowanie proces\u00f3w medycznych oraz spe\u0142nienie oczekiwa\u0144 i wymaga\u0144 naszych pacjent\u00f3w, [&hellip;]<\/p>\n","protected":false},"author":1,"featured_media":0,"parent":0,"menu_order":0,"comment_status":"closed","ping_status":"closed","template":"","meta":[],"_links":{"self":[{"href":"https:\/\/przychodniarozewska.pl\/index.php?rest_route=\/wp\/v2\/pages\/100"}],"collection":[{"href":"https:\/\/przychodniarozewska.pl\/index.php?rest_route=\/wp\/v2\/pages"}],"about":[{"href":"https:\/\/przychodniarozewska.pl\/index.php?rest_route=\/wp\/v2\/types\/page"}],"author":[{"embeddable":true,"href":"https:\/\/przychodniarozewska.pl\/index.php?rest_route=\/wp\/v2\/users\/1"}],"replies":[{"embeddable":true,"href":"https:\/\/przychodniarozewska.pl\/index.php?rest_route=%2Fwp%2Fv2%2Fcomments&post=100"}],"version-history":[{"count":6,"href":"https:\/\/przychodniarozewska.pl\/index.php?rest_route=\/wp\/v2\/pages\/100\/revisions"}],"predecessor-version":[{"id":2144,"href":"https:\/\/przychodniarozewska.pl\/index.php?rest_route=\/wp\/v2\/pages\/100\/revisions\/2144"}],"wp:attachment":[{"href":"https:\/\/przychodniarozewska.pl\/index.php?rest_route=%2Fwp%2Fv2%2Fmedia&parent=100"}],"curies":[{"name":"wp","href":"https:\/\/api.w.org\/{rel}","templated":true}]}}